{"id":24,"date":"2017-01-02T19:01:06","date_gmt":"2017-01-02T19:01:06","guid":{"rendered":"http:\/\/imkerei-hoffmann.de\/?page_id=24"},"modified":"2020-12-11T22:24:45","modified_gmt":"2020-12-11T22:24:45","slug":"home","status":"publish","type":"page","link":"http:\/\/imkerei-hoffmann.de\/?page_id=24","title":{"rendered":"demeter-imkerei hoffmann"},"content":{"rendered":"<p><b>wetterauer &#8222;projekthonig\u201c <\/b><\/p>\n<p>mit dem lokalen projekthonig aus der wetterau verfolgt die demeter-imkerei hoffmann mehrere ans\u00e4tze zur \u00f6kologischen widerbelebung der landwirtschaft, momentan haups\u00e4chlich in friedberg-ossenheim, g\u00f6rbelheim und rosbach.<\/p>\n<p><img loading=\"lazy\" decoding=\"async\" class=\" wp-image-277 alignright\" src=\"http:\/\/imkerei-hoffmann.de\/wp-content\/uploads\/2020\/12\/2020_schwarm-am-ast-1-300x225.jpg\" alt=\"\" width=\"250\" height=\"187\" srcset=\"http:\/\/imkerei-hoffmann.de\/wp-content\/uploads\/2020\/12\/2020_schwarm-am-ast-1-300x225.jpg 300w, http:\/\/imkerei-hoffmann.de\/wp-content\/uploads\/2020\/12\/2020_schwarm-am-ast-1-1024x768.jpg 1024w, http:\/\/imkerei-hoffmann.de\/wp-content\/uploads\/2020\/12\/2020_schwarm-am-ast-1-768x576.jpg 768w, http:\/\/imkerei-hoffmann.de\/wp-content\/uploads\/2020\/12\/2020_schwarm-am-ast-1-1536x1152.jpg 1536w, http:\/\/imkerei-hoffmann.de\/wp-content\/uploads\/2020\/12\/2020_schwarm-am-ast-1-2048x1536.jpg 2048w\" sizes=\"auto, (max-width: 250px) 100vw, 250px\" \/>seit dem beginn 1988 wurde die \u00f6kologische imkerei als ansatz verfolgt. diese steckte damals noch in ihren anf\u00e4ngen, hervorgerufen durch das auftreten der varroamilbe. die varroamilbe ist das gr\u00f6\u00dfte problem der imkerei weltweit, immer noch und immer mehr. die \u00f6kologische imkerei entwickelte sich aufgrund von resitenzen gegen und r\u00fcckst\u00e4nden von medikamenten &#8211; und aus ihr u.a. die demeter-imkerei.<\/p>\n<p><img loading=\"lazy\" decoding=\"async\" class=\"wp-image-262 alignleft\" src=\"http:\/\/imkerei-hoffmann.de\/wp-content\/uploads\/2020\/12\/buecherskorpion-287x300.jpg\" alt=\"\" width=\"169\" height=\"176\" srcset=\"http:\/\/imkerei-hoffmann.de\/wp-content\/uploads\/2020\/12\/buecherskorpion-287x300.jpg 287w, http:\/\/imkerei-hoffmann.de\/wp-content\/uploads\/2020\/12\/buecherskorpion.jpg 635w\" sizes=\"auto, (max-width: 169px) 100vw, 169px\" \/> 2016 wurden von uns b\u00fccherskorpione in unseren bienenbeuten entdeckt &#8211; ein uns bis dato unbekannter nat\u00fcrlicher antagonist der varroamilbe. die intensive besch\u00e4ftigung mit diesem skorpion und die gew\u00fcnschte vermehrung und habitatentwicklung im bienenstock f\u00fchrte zu einem weiteren umdenken und dem anschluss an den demeterverband. seit 2019 sind wir anerkanntes und zertifiziertes vollmitglied und d\u00fcrfen unsere bienenprodukte unter dem demeter-logo vermarkten.<\/p>\n<p><img loading=\"lazy\" decoding=\"async\" class=\" wp-image-263 alignright\" src=\"http:\/\/imkerei-hoffmann.de\/wp-content\/uploads\/2020\/12\/schafe-vor-schaeferwagen-225x300.jpg\" alt=\"\" width=\"242\" height=\"323\" srcset=\"http:\/\/imkerei-hoffmann.de\/wp-content\/uploads\/2020\/12\/schafe-vor-schaeferwagen-225x300.jpg 225w, http:\/\/imkerei-hoffmann.de\/wp-content\/uploads\/2020\/12\/schafe-vor-schaeferwagen-1152x1536.jpg 1152w, http:\/\/imkerei-hoffmann.de\/wp-content\/uploads\/2020\/12\/schafe-vor-schaeferwagen-1536x2048.jpg 1536w, http:\/\/imkerei-hoffmann.de\/wp-content\/uploads\/2020\/12\/schafe-vor-schaeferwagen-scaled.jpg 1920w\" sizes=\"auto, (max-width: 242px) 100vw, 242px\" \/>durch die intensive landwirtschaft in der wetterau sehen wir uns mit einer bl\u00fctenarmut, vor allem im hoch- und sp\u00e4tsommer konfrontiert. hinzu kommt der intensive einsatz von pestiziden und dem damit verbundenen artensterben und der schw\u00e4chung der insekten. aus diesem grund haben wir angefangen streuobst- und magerwiesen anzupachten. in intensiver arbeit wurden diese entbuscht und werden nun extensiv von einer kleinen eigenen schafherde &#8218;coburger f\u00fcchse&#8216;, eine alte erhaltensw\u00fcrdigen landrasse, beweidet. diese sind, wie das land, nun ebenso in der demeter-zertifizierung. es wurden ca. 100 alte und erhaltensw\u00fcrdige obstb\u00e4ume und mehr als 700 heimische wildstr\u00e4ucher als vogeln\u00e4hr- und schutzgeh\u00f6lze angepflanzt.<\/p>\n<p>die fl\u00e4chen sind nun in einem pflanzenmonitoring und werden j\u00e4hrlich kontrolliert. durch diese begutachtung m\u00f6chten wir bestimmen, ob unsere beweidung zu einer erh\u00f6hung oder abbau der artenvielfalt f\u00fchrt. dementsprechend werden wir unsere beweidungskonzepte anpassen. seitdem wir die fl\u00e4chen beweiden ist es zu einer deutlichen erh\u00f6hung der v\u00f6gelvielfalt gekommen. u.a. ist der gartenrotschwanz wieder mit mehreren brutp\u00e4rchen auf den fl\u00e4chen angekommen. auch die population von eidechsen und wildbienen hat sich auf den fl\u00e4chen deutlich erh\u00f6ht &#8211; ebenso wie der bl\u00fctenreichtum f\u00fcr unsere bienen.<\/p>\n<p>in 2020 haben wir die n\u00e4chsten wiesen kostenfrei durch die stadt friedberg hinzubekommen und mit in unsere beweidung aufgenommen. die fl\u00e4chen wurden wieder entbuscht und die anpflanzung weiterer hochst\u00e4mme steht bevor. ebenso werden wir das konzept des &#8218;agroforstes&#8216; verfolgen. ebenso entstand eine enge kooperation mit dem demeter-betrieb hartmut ernst in rosbach v.d.h..<\/p>\n<p>mit diesem glas honig unterst\u00fctzen sie also nicht nur die demeter-imkerei hoffmann &#8211; sondern auf vielf\u00e4ltige art und weise eine \u00f6kologische notwendige wiederbelebung. demn\u00e4chst wird es dann erg\u00e4nzend zu den bienenprodukten noch demeter-obst und demeter-schaffleisch geben.<\/p>\n<p>camille gregor hoffmann<\/p>\n<p>mt&#8230;&#8230;.<\/p>\n","protected":false},"excerpt":{"rendered":"<p>wetterauer &#8222;projekthonig\u201c mit dem lokalen projekthonig aus der wetterau verfolgt die demeter-imkerei hoffmann mehrere ans\u00e4tze zur \u00f6kologischen widerbelebung der landwirtschaft, momentan haups\u00e4chlich in friedberg-ossenheim, g\u00f6rbelheim und rosbach. seit dem beginn 1988 wurde die \u00f6kologische imkerei als ansatz verfolgt. diese steckte damals noch in ihren anf\u00e4ngen, hervorgerufen durch das auftreten der varroamilbe. die varroamilbe ist das &hellip; <\/p>\n<p class=\"link-more\"><a href=\"http:\/\/imkerei-hoffmann.de\/?page_id=24\" class=\"more-link\"><span class=\"screen-reader-text\">\u201edemeter-imkerei hoffmann\u201c <\/span>weiterlesen<\/a><\/p>\n","protected":false},"author":1,"featured_media":0,"parent":0,"menu_order":0,"comment_status":"closed","ping_status":"closed","template":"","meta":{"footnotes":""},"class_list":["post-24","page","type-page","status-publish","hentry"],"_links":{"self":[{"href":"http:\/\/imkerei-hoffmann.de\/index.php?rest_route=\/wp\/v2\/pages\/24","targetHints":{"allow":["GET"]}}],"collection":[{"href":"http:\/\/imkerei-hoffmann.de\/index.php?rest_route=\/wp\/v2\/pages"}],"about":[{"href":"http:\/\/imkerei-hoffmann.de\/index.php?rest_route=\/wp\/v2\/types\/page"}],"author":[{"embeddable":true,"href":"http:\/\/imkerei-hoffmann.de\/index.php?rest_route=\/wp\/v2\/users\/1"}],"replies":[{"embeddable":true,"href":"http:\/\/imkerei-hoffmann.de\/index.php?rest_route=%2Fwp%2Fv2%2Fcomments&post=24"}],"version-history":[{"count":5,"href":"http:\/\/imkerei-hoffmann.de\/index.php?rest_route=\/wp\/v2\/pages\/24\/revisions"}],"predecessor-version":[{"id":278,"href":"http:\/\/imkerei-hoffmann.de\/index.php?rest_route=\/wp\/v2\/pages\/24\/revisions\/278"}],"wp:attachment":[{"href":"http:\/\/imkerei-hoffmann.de\/index.php?rest_route=%2Fwp%2Fv2%2Fmedia&parent=24"}],"curies":[{"name":"wp","href":"https:\/\/api.w.org\/{rel}","templated":true}]}}

<p><b>wetterauer &#8222;projekthonig“ </b></p>
<p>mit dem lokalen projekthonig aus der wetterau verfolgt die demeter-imkerei hoffmann mehrere ansätze zur ökologischen widerbelebung der landwirtschaft, momentan haupsächlich in friedberg-ossenheim, görbelheim und rosbach.</p>
<p><img loading="lazy" decoding="async" class=" wp-image-277 alignright" src="http://imkerei-hoffmann.de/wp-content/uploads/2020/12/2020_schwarm-am-ast-1-300x225.jpg" alt="" width="250" height="187" srcset="http://imkerei-hoffmann.de/wp-content/uploads/2020/12/2020_schwarm-am-ast-1-300x225.jpg 300w, http://imkerei-hoffmann.de/wp-content/uploads/2020/12/2020_schwarm-am-ast-1-1024x768.jpg 1024w, http://imkerei-hoffmann.de/wp-content/uploads/2020/12/2020_schwarm-am-ast-1-768x576.jpg 768w, http://imkerei-hoffmann.de/wp-content/uploads/2020/12/2020_schwarm-am-ast-1-1536x1152.jpg 1536w, http://imkerei-hoffmann.de/wp-content/uploads/2020/12/2020_schwarm-am-ast-1-2048x1536.jpg 2048w" sizes="auto, (max-width: 250px) 100vw, 250px" />seit dem beginn 1988 wurde die ökologische imkerei als ansatz verfolgt. diese steckte damals noch in ihren anfängen, hervorgerufen durch das auftreten der varroamilbe. die varroamilbe ist das größte problem der imkerei weltweit, immer noch und immer mehr. die ökologische imkerei entwickelte sich aufgrund von resitenzen gegen und rückständen von medikamenten &#8211; und aus ihr u.a. die demeter-imkerei.</p>
<p><img loading="lazy" decoding="async" class="wp-image-262 alignleft" src="http://imkerei-hoffmann.de/wp-content/uploads/2020/12/buecherskorpion-287x300.jpg" alt="" width="169" height="176" srcset="http://imkerei-hoffmann.de/wp-content/uploads/2020/12/buecherskorpion-287x300.jpg 287w, http://imkerei-hoffmann.de/wp-content/uploads/2020/12/buecherskorpion.jpg 635w" sizes="auto, (max-width: 169px) 100vw, 169px" /> 2016 wurden von uns bücherskorpione in unseren bienenbeuten entdeckt &#8211; ein uns bis dato unbekannter natürlicher antagonist der varroamilbe. die intensive beschäftigung mit diesem skorpion und die gewünschte vermehrung und habitatentwicklung im bienenstock führte zu einem weiteren umdenken und dem anschluss an den demeterverband. seit 2019 sind wir anerkanntes und zertifiziertes vollmitglied und dürfen unsere bienenprodukte unter dem demeter-logo vermarkten.</p>
<p><img loading="lazy" decoding="async" class=" wp-image-263 alignright" src="http://imkerei-hoffmann.de/wp-content/uploads/2020/12/schafe-vor-schaeferwagen-225x300.jpg" alt="" width="242" height="323" srcset="http://imkerei-hoffmann.de/wp-content/uploads/2020/12/schafe-vor-schaeferwagen-225x300.jpg 225w, http://imkerei-hoffmann.de/wp-content/uploads/2020/12/schafe-vor-schaeferwagen-1152x1536.jpg 1152w, http://imkerei-hoffmann.de/wp-content/uploads/2020/12/schafe-vor-schaeferwagen-1536x2048.jpg 1536w, http://imkerei-hoffmann.de/wp-content/uploads/2020/12/schafe-vor-schaeferwagen-scaled.jpg 1920w" sizes="auto, (max-width: 242px) 100vw, 242px" />durch die intensive landwirtschaft in der wetterau sehen wir uns mit einer blütenarmut, vor allem im hoch- und spätsommer konfrontiert. hinzu kommt der intensive einsatz von pestiziden und dem damit verbundenen artensterben und der schwächung der insekten. aus diesem grund haben wir angefangen streuobst- und magerwiesen anzupachten. in intensiver arbeit wurden diese entbuscht und werden nun extensiv von einer kleinen eigenen schafherde &#8218;coburger füchse&#8216;, eine alte erhaltenswürdigen landrasse, beweidet. diese sind, wie das land, nun ebenso in der demeter-zertifizierung. es wurden ca. 100 alte und erhaltenswürdige obstbäume und mehr als 700 heimische wildsträucher als vogelnähr- und schutzgehölze angepflanzt.</p>
<p>die flächen sind nun in einem pflanzenmonitoring und werden jährlich kontrolliert. durch diese begutachtung möchten wir bestimmen, ob unsere beweidung zu einer erhöhung oder abbau der artenvielfalt führt. dementsprechend werden wir unsere beweidungskonzepte anpassen. seitdem wir die flächen beweiden ist es zu einer deutlichen erhöhung der vögelvielfalt gekommen. u.a. ist der gartenrotschwanz wieder mit mehreren brutpärchen auf den flächen angekommen. auch die population von eidechsen und wildbienen hat sich auf den flächen deutlich erhöht &#8211; ebenso wie der blütenreichtum für unsere bienen.</p>
<p>in 2020 haben wir die nächsten wiesen kostenfrei durch die stadt friedberg hinzubekommen und mit in unsere beweidung aufgenommen. die flächen wurden wieder entbuscht und die anpflanzung weiterer hochstämme steht bevor. ebenso werden wir das konzept des &#8218;agroforstes&#8216; verfolgen. ebenso entstand eine enge kooperation mit dem demeter-betrieb hartmut ernst in rosbach v.d.h..</p>
<p>mit diesem glas honig unterstützen sie also nicht nur die demeter-imkerei hoffmann &#8211; sondern auf vielfältige art und weise eine ökologische notwendige wiederbelebung. demnächst wird es dann ergänzend zu den bienenprodukten noch demeter-obst und demeter-schaffleisch geben.</p>
<p>camille gregor hoffmann</p>
<p>mt&#8230;&#8230;.</p>

<p>wetterauer &#8222;projekthonig“ mit dem lokalen projekthonig aus der wetterau verfolgt die demeter-imkerei hoffmann mehrere ansätze zur ökologischen widerbelebung der landwirtschaft, momentan haupsächlich in friedberg-ossenheim, görbelheim und rosbach. seit dem beginn 1988 wurde die ökologische imkerei als ansatz verfolgt. diese steckte damals noch in ihren anfängen, hervorgerufen durch das auftreten der varroamilbe. die varroamilbe ist das &hellip; </p>
<p class="link-more"><a href="http://imkerei-hoffmann.de/?page_id=24" class="more-link"><span class="screen-reader-text">„demeter-imkerei hoffmann“ </span>weiterlesen</a></p>
